{"id":2501,"date":"2016-11-05T18:16:50","date_gmt":"2016-11-05T17:16:50","guid":{"rendered":"http:\/\/www.marzicake.cz\/?page_id=2501"},"modified":"2018-12-11T09:25:27","modified_gmt":"2018-12-11T08:25:27","slug":"vanocni-strom","status":"publish","type":"page","link":"https:\/\/www.marzicake.cz\/?page_id=2501","title":{"rendered":"V\u00e1no\u010dn\u00ed z listov\u00e9ho"},"content":{"rendered":"<h3>V\u00e1no\u010dn\u00ed hv\u011bzda &#8211; kv\u011btina<\/h3>\n<p>N\u00e1zev t\u00e9to sladkosti nech\u00e1m na v\u00e1s. Jist\u00e9 je, \u017ee se stala trendem v\u0161ech zahrani\u010dn\u00edch cukr\u00e1\u0159\u016f a blog\u016f po cel\u00e9m sv\u011bt\u011b. Ani nev\u00edm, kdo s\u00a0t\u00edmto n\u00e1padem p\u0159i\u0161el, ale tahle sladkost je hitem V\u00e1noc 2018. Spr\u00e1vn\u011b by se m\u011bla d\u011blat z\u00a0kynut\u00e9ho t\u011bsta, jen\u017ee j\u00e1 tak moc miluji to listov\u00e9, \u017ee jsem ji u\u017e t\u0159ikr\u00e1t pekla pr\u00e1v\u011b z\u00a0listov\u00e9ho. A pak u\u017e sta\u010d\u00ed je rozeh\u0159\u00e1t \u010dokol\u00e1du a zapl\u00e9tat do tvaru v\u00e1no\u010dn\u00ed hv\u011bzdy nebo kv\u011btu.<\/p>\n<p>Co si p\u0159ipravit:<\/p>\n<ul>\n<li>2 Listov\u00e1 kupovan\u00e1 t\u011bsta rozv\u00e1len\u00e1 (nebo jedno nerozv\u00e1len\u00e9)<\/li>\n<li>3 l\u017e\u00edce 54% &#8211; 70% \u010dokol\u00e1dy<\/li>\n<li>1 vejce<\/li>\n<li>1 l\u017e\u00edce t\u0159tinov\u00e9ho cukru<\/li>\n<li>1\/2 l\u017e\u00edce mou\u010dkov\u00e9ho cukru<\/li>\n<\/ul>\n<p>Postup:<\/p>\n<ul>\n<li>Rozv\u00e1lejte listov\u00e9 t\u011bsto<\/li>\n<li>Vykrojte 3 stejn\u00e9 kruhy o velikosti tal\u00ed\u0159e<\/li>\n<li>Nad parou rozeh\u0159ejte \u010dokol\u00e1du<\/li>\n<li>Pot\u0159ete prvn\u00ed kruh \u010dokol\u00e1dou<\/li>\n<li>P\u0159ilo\u017ete na prvn\u00ed pot\u0159en\u00fd kruh druh\u00fd, kter\u00fd tak\u00e9 pot\u0159ete \u010dokol\u00e1dou<\/li>\n<li>Nakonec p\u0159ikryjte t\u0159et\u00edm (ji\u017e nepot\u00edrat)<\/li>\n<li>Doprost\u0159ed postavte skleni\u010dku nebo n\u011bjakou n\u00e1dobu s ozdobn\u00fdm krajem<\/li>\n<li>Rozkrajujte dle fotografie jen ke sklenici<\/li>\n<li>N\u00e1sledn\u011b v\u017edy vezm\u011bte dva rozkrojen\u00e9 prou\u017eky a zato\u010dte od sebe a na konci spojte<\/li>\n<li>Pokra\u010dujte a\u017e v\u00e1m vznikne hv\u011bzda<\/li>\n<li>M\u016f\u017eete pot\u0159\u00edt roz\u0161lehan\u00fdm vejcem a posypat t\u0159tinov\u00fdm cukrem<\/li>\n<li>Pe\u010dte na pe\u010d\u00edc\u00edm pap\u00edru v p\u0159edeh\u0159\u00e1t\u00e9 troub\u011b na 165 \u00b0C do zhn\u011bdnut\u00ed<\/li>\n<li>Po vychladnut\u00ed m\u016f\u017eete pocukrovat (prost\u0159edek nemus\u00edte)<\/li>\n<\/ul>\n<h3>\u00a0<a href=\"http:\/\/www.marzicake.cz\/wp-content\/uploads\/2018\/12\/P\u0159\u00edprava-\u010dokohv\u011bzdy.jpg\"><img decoding=\"async\" loading=\"lazy\" class=\"alignnone wp-image-4752\" src=\"http:\/\/www.marzicake.cz\/wp-content\/uploads\/2018\/12\/P\u0159\u00edprava-\u010dokohv\u011bzdy-300x260.jpg\" alt=\"P\u0159\u00edprava \u010dokohv\u011bzdy\" width=\"264\" height=\"229\" srcset=\"https:\/\/www.marzicake.cz\/wp-content\/uploads\/2018\/12\/P\u0159\u00edprava-\u010dokohv\u011bzdy-300x260.jpg 300w, https:\/\/www.marzicake.cz\/wp-content\/uploads\/2018\/12\/P\u0159\u00edprava-\u010dokohv\u011bzdy-768x666.jpg 768w, https:\/\/www.marzicake.cz\/wp-content\/uploads\/2018\/12\/P\u0159\u00edprava-\u010dokohv\u011bzdy-1024x887.jpg 1024w, https:\/\/www.marzicake.cz\/wp-content\/uploads\/2018\/12\/P\u0159\u00edprava-\u010dokohv\u011bzdy-1080x936.jpg 1080w\" sizes=\"(max-width: 264px) 100vw, 264px\" \/><\/a>\u00a0<a href=\"http:\/\/www.marzicake.cz\/wp-content\/uploads\/2018\/12\/\u010cokohv\u011b\u017edy-p\u0159ed-pe\u010den\u00edmlogo.jpg\"><img decoding=\"async\" loading=\"lazy\" class=\"alignnone size-medium wp-image-4753\" src=\"http:\/\/www.marzicake.cz\/wp-content\/uploads\/2018\/12\/\u010cokohv\u011b\u017edy-p\u0159ed-pe\u010den\u00edmlogo-300x230.jpg\" alt=\"\u010cokohv\u011b\u017edy p\u0159ed pe\u010den\u00edm+logo\" width=\"300\" height=\"230\" srcset=\"https:\/\/www.marzicake.cz\/wp-content\/uploads\/2018\/12\/\u010cokohv\u011b\u017edy-p\u0159ed-pe\u010den\u00edmlogo-300x230.jpg 300w, https:\/\/www.marzicake.cz\/wp-content\/uploads\/2018\/12\/\u010cokohv\u011b\u017edy-p\u0159ed-pe\u010den\u00edmlogo-768x589.jpg 768w, https:\/\/www.marzicake.cz\/wp-content\/uploads\/2018\/12\/\u010cokohv\u011b\u017edy-p\u0159ed-pe\u010den\u00edmlogo-1024x785.jpg 1024w, https:\/\/www.marzicake.cz\/wp-content\/uploads\/2018\/12\/\u010cokohv\u011b\u017edy-p\u0159ed-pe\u010den\u00edmlogo-1080x828.jpg 1080w, https:\/\/www.marzicake.cz\/wp-content\/uploads\/2018\/12\/\u010cokohv\u011b\u017edy-p\u0159ed-pe\u010den\u00edmlogo-520x400.jpg 520w\" sizes=\"(max-width: 300px) 100vw, 300px\" \/><\/a><\/h3>\n<p>Na fotografi\u00edch n\u00ed\u017ee, jsem hv\u011bzdy po upe\u010den\u00ed pot\u0159ela javorov\u00fdm sirupem. Nevypad\u00e1 to a\u017e tak p\u011bkn\u011b, ale chutnaly moc. \ud83d\ude42<\/p>\n<p><a href=\"http:\/\/www.marzicake.cz\/wp-content\/uploads\/2018\/12\/46449287_640013729729927_1039333161659531264_n.jpg\"><img decoding=\"async\" loading=\"lazy\" class=\"alignnone wp-image-4772\" src=\"http:\/\/www.marzicake.cz\/wp-content\/uploads\/2018\/12\/46449287_640013729729927_1039333161659531264_n-225x300.jpg\" alt=\"46449287_640013729729927_1039333161659531264_n\" width=\"149\" height=\"199\" \/><\/a>\u00a0<a href=\"http:\/\/www.marzicake.cz\/wp-content\/uploads\/2018\/12\/46485537_564144084033666_4087703281080467456_n.jpg\"><img decoding=\"async\" loading=\"lazy\" class=\"alignnone size-medium wp-image-4771\" src=\"http:\/\/www.marzicake.cz\/wp-content\/uploads\/2018\/12\/46485537_564144084033666_4087703281080467456_n-300x200.jpg\" alt=\"46485537_564144084033666_4087703281080467456_n\" width=\"300\" height=\"200\" \/><\/a><\/p>\n<h3><\/h3>\n<h3><a href=\"http:\/\/www.marzicake.cz\/wp-content\/uploads\/2016\/11\/Nikonlogo-1.jpg\"><img decoding=\"async\" loading=\"lazy\" class=\"wp-image-2496 alignleft\" src=\"http:\/\/www.marzicake.cz\/wp-content\/uploads\/2016\/11\/Nikonlogo-1-200x300.jpg\" alt=\"nikonlogo\" width=\"163\" height=\"245\" \/><\/a>\u00a0\u00a0V\u00e1no\u010dn\u00ed strom<\/h3>\n<p>Tentokr\u00e1te jsem se\u00a0inspirovala jako v\u011bt\u0161ina z n\u00e1s na internetu. N\u011bkdy p\u0159i lo\u0148sk\u00fdch sv\u00e1tc\u00edch jsem to jen tak zahl\u00e9dla a\u00a0po roce si t\u011b\u017eko vzpom\u00ednala. Tak\u017ee od t\u00e9 doby si ukl\u00e1d\u00e1m v\u0161e, co se mi l\u00edb\u00ed. \ud83d\ude42 To, co jsem dnes vytvo\u0159ila jako zah\u00e1jen\u00ed v\u00e1no\u010dn\u00edch p\u0159\u00edprav, je tak trochu s\u00e1zkou do loterie&#8230; Nakonec se povedlo a je\u0161t\u011b ke v\u0161emu to v\u0161em chutnalo. Nen\u00ed divu, v\u017edy\u0165 chu\u0165 listov\u00e9ho t\u011bsta, tvarohu a o\u0159ech\u016f, milujeme. V\u017edy\u0165 jde jen o jin\u00fd tvar t\u00e9to sladkosti. Nen\u00ed to nic extra v\u00e1no\u010dn\u00edho, ale m\u016f\u017eete s t\u00edmto stromem zah\u00e1jit prom\u00fd\u0161len\u00ed, pl\u00e1ny a p\u0159\u00edpravy na ty nejkr\u00e1sn\u011bj\u0161\u00ed dny v roce&#8230;<\/p>\n<p>&nbsp;<\/p>\n<p>&nbsp;<\/p>\n<p>&nbsp;<\/p>\n<p><a href=\"http:\/\/www.marzicake.cz\/wp-content\/uploads\/2016\/11\/Po-upe\u010den\u00edlogo.jpg\"><img decoding=\"async\" loading=\"lazy\" class=\"size-medium wp-image-2497 alignleft\" src=\"http:\/\/www.marzicake.cz\/wp-content\/uploads\/2016\/11\/Po-upe\u010den\u00edlogo-300x256.jpg\" alt=\"po-upecenilogo\" width=\"300\" height=\"256\" srcset=\"https:\/\/www.marzicake.cz\/wp-content\/uploads\/2016\/11\/Po-upe\u010den\u00edlogo-300x256.jpg 300w, https:\/\/www.marzicake.cz\/wp-content\/uploads\/2016\/11\/Po-upe\u010den\u00edlogo.jpg 562w\" sizes=\"(max-width: 300px) 100vw, 300px\" \/><\/a>T\u011bsto m\u016f\u017eete koupit, ale j\u00e1 v\u011bt\u0161inou vytv\u00e1\u0159\u00edm sv\u00e9 i do z\u00e1soby. M\u00e1m ho v mraz\u00e1ku a v p\u0159\u00edpad\u011b pot\u0159eby pou\u017e\u00edv\u00e1m&#8230; Recept najdete v odkazu &#8220;<strong>listov\u00e9<\/strong> t\u011bsto&#8221;<strong>.<\/strong> Velikost stromu m\u016f\u017ee b\u00fdt r\u016fzn\u00e1. J\u00e1 tentokr\u00e1t upekla strom velk\u00fd pomalu p\u0159es cel\u00fd plech.<\/p>\n<p>Pot\u0159ebujete vyv\u00e1let dva pl\u00e1ty a z ka\u017ed\u00e9ho vykrojte strom, kter\u00fd si rad\u011bji namalujete na pe\u010d\u00edc\u00ed pap\u00edr. Prvn\u00ed strom pot\u0159ete tvarohovou n\u00e1pln\u00ed <strong>(tvaroh, \u017eloutek, vanilkov\u00fd cukr)<\/strong>. Druh\u00fd strom polo\u017ete na prvn\u00ed. Te\u010f p\u0159ich\u00e1z\u00ed okam\u017eik, kdy na\u0159e\u017eete v\u011btve. Kmen nepro\u0159ez\u00e1vejte, ale nechte hladk\u00fd. Po\u010det je dle uv\u00e1\u017een\u00ed. V\u011btve st\u00e1\u010dejte do spir\u00e1ly. Tvaroh m\u016f\u017ee na n\u011bkter\u00fdch m\u00edstech vyt\u00e9ci, ale to ni\u010demu nevad\u00ed. Na z\u00e1v\u011br pot\u0159ete roz\u0161lehan\u00fdm vaj\u00ed\u010dkem a kmen posypte mlet\u00fdmi o\u0159\u00ed\u0161ky.<\/p>\n<p>Pe\u010dte na 180\u00b0C do zhn\u011bdnut\u00ed. Po vychladnut\u00ed si m\u016f\u017ee ka\u017ed\u00fd \u010dlen rodiny u\u0159\u00edznout svou v\u011btev, ale j\u00e1 se t\u011b\u0161\u00edm na kmen. Jsou tam p\u0159ece o\u0159\u00ed\u0161ky&#8230; \ud83d\ude42<\/p>\n<p><a href=\"http:\/\/www.marzicake.cz\/wp-content\/uploads\/2016\/11\/Strom.jpg\"><img decoding=\"async\" loading=\"lazy\" class=\"alignnone size-medium wp-image-2503\" src=\"http:\/\/www.marzicake.cz\/wp-content\/uploads\/2016\/11\/Strom-300x220.jpg\" alt=\"strom\" width=\"300\" height=\"220\" \/><\/a>\u00a0\u00a0<a href=\"http:\/\/www.marzicake.cz\/wp-content\/uploads\/2016\/11\/14958720_1381967438503614_494113829_n.jpg\"><img decoding=\"async\" loading=\"lazy\" class=\"alignnone wp-image-2494\" src=\"http:\/\/www.marzicake.cz\/wp-content\/uploads\/2016\/11\/14958720_1381967438503614_494113829_n-241x300.jpg\" alt=\"14958720_1381967438503614_494113829_n\" width=\"176\" height=\"219\" srcset=\"https:\/\/www.marzicake.cz\/wp-content\/uploads\/2016\/11\/14958720_1381967438503614_494113829_n-241x300.jpg 241w, https:\/\/www.marzicake.cz\/wp-content\/uploads\/2016\/11\/14958720_1381967438503614_494113829_n.jpg 472w\" sizes=\"(max-width: 176px) 100vw, 176px\" \/><\/a><\/p>\n","protected":false},"excerpt":{"rendered":"<p>V\u00e1no\u010dn\u00ed hv\u011bzda &#8211; kv\u011btina N\u00e1zev t\u00e9to sladkosti nech\u00e1m na v\u00e1s. Jist\u00e9 je, \u017ee se stala trendem v\u0161ech zahrani\u010dn\u00edch cukr\u00e1\u0159\u016f a blog\u016f po cel\u00e9m sv\u011bt\u011b. Ani nev\u00edm, kdo s\u00a0t\u00edmto n\u00e1padem p\u0159i\u0161el, ale tahle sladkost je hitem V\u00e1noc 2018. Spr\u00e1vn\u011b by se m\u011bla d\u011blat z\u00a0kynut\u00e9ho t\u011bsta, jen\u017ee j\u00e1 tak moc miluji to listov\u00e9, \u017ee jsem ji u\u017e&#8230;<\/p>\n<p><a class=\"more-link\" href=\"https:\/\/www.marzicake.cz\/?page_id=2501\">\u010cti d\u00e1l<\/a><\/p>\n","protected":false},"author":1,"featured_media":4751,"parent":64,"menu_order":0,"comment_status":"closed","ping_status":"closed","template":"","meta":{"wprm-recipe-roundup-name":"","wprm-recipe-roundup-description":"","_mi_skip_tracking":false,"_genesis_hide_title":false,"_genesis_hide_breadcrumbs":false,"_genesis_hide_singular_image":false,"_genesis_custom_body_class":"","_genesis_custom_post_class":"","_genesis_layout":""},"_links":{"self":[{"href":"https:\/\/www.marzicake.cz\/index.php?rest_route=\/wp\/v2\/pages\/2501"}],"collection":[{"href":"https:\/\/www.marzicake.cz\/index.php?rest_route=\/wp\/v2\/pages"}],"about":[{"href":"https:\/\/www.marzicake.cz\/index.php?rest_route=\/wp\/v2\/types\/page"}],"author":[{"embeddable":true,"href":"https:\/\/www.marzicake.cz\/index.php?rest_route=\/wp\/v2\/users\/1"}],"replies":[{"embeddable":true,"href":"https:\/\/www.marzicake.cz\/index.php?rest_route=%2Fwp%2Fv2%2Fcomments&post=2501"}],"version-history":[{"count":9,"href":"https:\/\/www.marzicake.cz\/index.php?rest_route=\/wp\/v2\/pages\/2501\/revisions"}],"predecessor-version":[{"id":4777,"href":"https:\/\/www.marzicake.cz\/index.php?rest_route=\/wp\/v2\/pages\/2501\/revisions\/4777"}],"up":[{"embeddable":true,"href":"https:\/\/www.marzicake.cz\/index.php?rest_route=\/wp\/v2\/pages\/64"}],"wp:featuredmedia":[{"embeddable":true,"href":"https:\/\/www.marzicake.cz\/index.php?rest_route=\/wp\/v2\/media\/4751"}],"wp:attachment":[{"href":"https:\/\/www.marzicake.cz\/index.php?rest_route=%2Fwp%2Fv2%2Fmedia&parent=2501"}],"curies":[{"name":"wp","href":"https:\/\/api.w.org\/{rel}","templated":true}]}}