{"id":1416,"date":"2016-05-28T21:58:10","date_gmt":"2016-05-28T19:58:10","guid":{"rendered":"http:\/\/www.marzicake.cz\/?page_id=1416"},"modified":"2019-08-13T20:48:53","modified_gmt":"2019-08-13T18:48:53","slug":"slany-karamel","status":"publish","type":"page","link":"https:\/\/www.marzicake.cz\/?page_id=1416","title":{"rendered":"Karamel a slan\u00fd karamel"},"content":{"rendered":"<p>Nenechte se zm\u00fdlit n\u00e1zvem t\u00e9to sladkosti. Sladko slan\u00e1 a\u017e naho\u0159kl\u00e1 chu\u0165 dostane snad opravdu ka\u017ed\u00e9ho. J\u00e1 osobn\u011b jsem tuhle sladkou pochoutku poprv\u00e9 zaznamenala ve spojen\u00ed s jablky na zn\u00e1m\u00e9m kol\u00e1\u010di jm\u00e9nem Tarte Tatin a nebo jako jednu z n\u00e1pln\u00ed do velmi obl\u00edben\u00fdch makronek. \u00a0Najdete opravdu velk\u00e9 mno\u017estv\u00ed r\u016fzn\u00fdch receptur. A proto tento recept nebude posledn\u00ed, ale zkus\u00edm si r\u016fzn\u00e9 druhy.<\/p>\n<p><strong>Recept:<\/strong><\/p>\n<ul>\n<li><strong>200 g cukru<\/strong><\/li>\n<li><strong>80 g m\u00e1slov\u00e1 Hera<\/strong><\/li>\n<li><strong>120 g smetany<\/strong><\/li>\n<li><strong>s\u016fl dle toho zda chcete slan\u011bj\u0161\u00ed<\/strong><\/li>\n<\/ul>\n<p>Cukr nechte v p\u00e1nvi\u00a0zkaramelizovat. Pozor, aby nebyl moc tmav\u00fd. Byl by ho\u0159k\u00fd. Po rozt\u00e1n\u00ed cukru odendejte z plot\u00fdnky a p\u0159idejte m\u00e1slo. P\u0159idejte s\u016fl a smetanu. St\u00e1le m\u00edchejte a\u017e do \u00fapln\u00e9ho spojen\u00ed ingredienc\u00ed. A pak u\u017e jen vypl\u00e1chn\u011bte a n\u00e1sledn\u011b vysu\u0161te sklenici, do kter\u00e9 karamel nalijete. Nechejte vychladnout p\u0159i pokojov\u00e9 teplot\u011b a pak uzav\u0159ete a uchov\u00e1vejte v lednici.<\/p>\n<p>A kdy\u017e se v\u00e1m n\u00e1hodou ohl\u00e1s\u00ed ne\u010dekan\u00e1 n\u00e1v\u0161t\u011bva, sklenici pono\u0159te do kastr\u016flku s vodou a nechte na m\u00edrn\u00e9m ohni zah\u0159\u00e1t. Pak m\u016f\u017eete pol\u00edt r\u016fzn\u00e9 dezerty, nebo nap\u0159\u00edklad b\u011bhem p\u00e1r minut naplnit tartaletky. Ty m\u00e1m toti\u017e neust\u00e1le v z\u00e1sob\u011b.<\/p>\n<p><a href=\"http:\/\/www.marzicake.cz\/wp-content\/uploads\/2017\/01\/Mobil.jpg\"><img decoding=\"async\" loading=\"lazy\" class=\"alignnone wp-image-2949\" src=\"http:\/\/www.marzicake.cz\/wp-content\/uploads\/2017\/01\/Mobil-225x300.jpg\" alt=\"Mobil\" width=\"190\" height=\"254\" srcset=\"https:\/\/www.marzicake.cz\/wp-content\/uploads\/2017\/01\/Mobil-225x300.jpg 225w, https:\/\/www.marzicake.cz\/wp-content\/uploads\/2017\/01\/Mobil.jpg 480w\" sizes=\"(max-width: 190px) 100vw, 190px\" \/><\/a>\u00a0<a href=\"http:\/\/www.marzicake.cz\/wp-content\/uploads\/2017\/01\/Nikon-2logo-2.jpg\"><img decoding=\"async\" loading=\"lazy\" class=\"alignnone wp-image-2947\" src=\"http:\/\/www.marzicake.cz\/wp-content\/uploads\/2017\/01\/Nikon-2logo-2-211x300.jpg\" alt=\"Nikon 2+logo\" width=\"178\" height=\"253\" srcset=\"https:\/\/www.marzicake.cz\/wp-content\/uploads\/2017\/01\/Nikon-2logo-2-211x300.jpg 211w, https:\/\/www.marzicake.cz\/wp-content\/uploads\/2017\/01\/Nikon-2logo-2-768x1093.jpg 768w, https:\/\/www.marzicake.cz\/wp-content\/uploads\/2017\/01\/Nikon-2logo-2-719x1024.jpg 719w, https:\/\/www.marzicake.cz\/wp-content\/uploads\/2017\/01\/Nikon-2logo-2-1080x1537.jpg 1080w\" sizes=\"(max-width: 178px) 100vw, 178px\" \/><\/a>\u00a0<a href=\"http:\/\/www.marzicake.cz\/wp-content\/uploads\/2019\/05\/Karamel.jpg\"><img decoding=\"async\" loading=\"lazy\" class=\"alignnone wp-image-5045\" src=\"http:\/\/www.marzicake.cz\/wp-content\/uploads\/2019\/05\/Karamel-300x244.jpg\" alt=\"Karamel\" width=\"311\" height=\"253\" srcset=\"https:\/\/www.marzicake.cz\/wp-content\/uploads\/2019\/05\/Karamel-300x244.jpg 300w, https:\/\/www.marzicake.cz\/wp-content\/uploads\/2019\/05\/Karamel-600x488.jpg 600w, https:\/\/www.marzicake.cz\/wp-content\/uploads\/2019\/05\/Karamel-768x624.jpg 768w, https:\/\/www.marzicake.cz\/wp-content\/uploads\/2019\/05\/Karamel-1024x832.jpg 1024w, https:\/\/www.marzicake.cz\/wp-content\/uploads\/2019\/05\/Karamel-1080x878.jpg 1080w\" sizes=\"(max-width: 311px) 100vw, 311px\" \/><\/a><\/p>\n","protected":false},"excerpt":{"rendered":"<p>Nenechte se zm\u00fdlit n\u00e1zvem t\u00e9to sladkosti. Sladko slan\u00e1 a\u017e naho\u0159kl\u00e1 chu\u0165 dostane snad opravdu ka\u017ed\u00e9ho. J\u00e1 osobn\u011b jsem tuhle sladkou pochoutku poprv\u00e9 zaznamenala ve spojen\u00ed s jablky na zn\u00e1m\u00e9m kol\u00e1\u010di jm\u00e9nem Tarte Tatin a nebo jako jednu z n\u00e1pln\u00ed do velmi obl\u00edben\u00fdch makronek. \u00a0Najdete opravdu velk\u00e9 mno\u017estv\u00ed r\u016fzn\u00fdch receptur. A proto tento recept nebude posledn\u00ed,&#8230;<\/p>\n<p><a class=\"more-link\" href=\"https:\/\/www.marzicake.cz\/?page_id=1416\">\u010cti d\u00e1l<\/a><\/p>\n","protected":false},"author":1,"featured_media":5044,"parent":64,"menu_order":0,"comment_status":"closed","ping_status":"closed","template":"","meta":{"wprm-recipe-roundup-name":"","wprm-recipe-roundup-description":"","_mi_skip_tracking":false,"_genesis_hide_title":false,"_genesis_hide_breadcrumbs":false,"_genesis_hide_singular_image":false,"_genesis_custom_body_class":"","_genesis_custom_post_class":"","_genesis_layout":""},"_links":{"self":[{"href":"https:\/\/www.marzicake.cz\/index.php?rest_route=\/wp\/v2\/pages\/1416"}],"collection":[{"href":"https:\/\/www.marzicake.cz\/index.php?rest_route=\/wp\/v2\/pages"}],"about":[{"href":"https:\/\/www.marzicake.cz\/index.php?rest_route=\/wp\/v2\/types\/page"}],"author":[{"embeddable":true,"href":"https:\/\/www.marzicake.cz\/index.php?rest_route=\/wp\/v2\/users\/1"}],"replies":[{"embeddable":true,"href":"https:\/\/www.marzicake.cz\/index.php?rest_route=%2Fwp%2Fv2%2Fcomments&post=1416"}],"version-history":[{"count":6,"href":"https:\/\/www.marzicake.cz\/index.php?rest_route=\/wp\/v2\/pages\/1416\/revisions"}],"predecessor-version":[{"id":5046,"href":"https:\/\/www.marzicake.cz\/index.php?rest_route=\/wp\/v2\/pages\/1416\/revisions\/5046"}],"up":[{"embeddable":true,"href":"https:\/\/www.marzicake.cz\/index.php?rest_route=\/wp\/v2\/pages\/64"}],"wp:featuredmedia":[{"embeddable":true,"href":"https:\/\/www.marzicake.cz\/index.php?rest_route=\/wp\/v2\/media\/5044"}],"wp:attachment":[{"href":"https:\/\/www.marzicake.cz\/index.php?rest_route=%2Fwp%2Fv2%2Fmedia&parent=1416"}],"curies":[{"name":"wp","href":"https:\/\/api.w.org\/{rel}","templated":true}]}}

Karamel a slaný karamel

<p>Nenechte se zmýlit názvem této sladkosti. Sladko slaná až nahořklá chuť dostane snad opravdu každého. Já osobně jsem tuhle sladkou pochoutku poprvé zaznamenala ve spojení s jablky na známém koláči jménem Tarte Tatin a nebo jako jednu z náplní do velmi oblíbených makronek.  Najdete opravdu velké množství různých receptur. A proto tento recept nebude poslední, ale zkusím si různé druhy.</p>
<p><strong>Recept:</strong></p>
<ul>
<li><strong>200 g cukru</strong></li>
<li><strong>80 g máslová Hera</strong></li>
<li><strong>120 g smetany</strong></li>
<li><strong>sůl dle toho zda chcete slanější</strong></li>
</ul>
<p>Cukr nechte v pánvi zkaramelizovat. Pozor, aby nebyl moc tmavý. Byl by hořký. Po roztání cukru odendejte z plotýnky a přidejte máslo. Přidejte sůl a smetanu. Stále míchejte až do úplného spojení ingrediencí. A pak už jen vypláchněte a následně vysušte sklenici, do které karamel nalijete. Nechejte vychladnout při pokojové teplotě a pak uzavřete a uchovávejte v lednici.</p>
<p>A když se vám náhodou ohlásí nečekaná návštěva, sklenici ponořte do kastrůlku s vodou a nechte na mírném ohni zahřát. Pak můžete polít různé dezerty, nebo například během pár minut naplnit tartaletky. Ty mám totiž neustále v zásobě.</p>
<p><a href="http://www.marzicake.cz/wp-content/uploads/2017/01/Mobil.jpg"><img decoding="async" loading="lazy" class="alignnone wp-image-2949" src="http://www.marzicake.cz/wp-content/uploads/2017/01/Mobil-225x300.jpg" alt="Mobil" width="190" height="254" srcset="https://www.marzicake.cz/wp-content/uploads/2017/01/Mobil-225x300.jpg 225w, https://www.marzicake.cz/wp-content/uploads/2017/01/Mobil.jpg 480w" sizes="(max-width: 190px) 100vw, 190px" /></a> <a href="http://www.marzicake.cz/wp-content/uploads/2017/01/Nikon-2logo-2.jpg"><img decoding="async" loading="lazy" class="alignnone wp-image-2947" src="http://www.marzicake.cz/wp-content/uploads/2017/01/Nikon-2logo-2-211x300.jpg" alt="Nikon 2+logo" width="178" height="253" srcset="https://www.marzicake.cz/wp-content/uploads/2017/01/Nikon-2logo-2-211x300.jpg 211w, https://www.marzicake.cz/wp-content/uploads/2017/01/Nikon-2logo-2-768x1093.jpg 768w, https://www.marzicake.cz/wp-content/uploads/2017/01/Nikon-2logo-2-719x1024.jpg 719w, https://www.marzicake.cz/wp-content/uploads/2017/01/Nikon-2logo-2-1080x1537.jpg 1080w" sizes="(max-width: 178px) 100vw, 178px" /></a> <a href="http://www.marzicake.cz/wp-content/uploads/2019/05/Karamel.jpg"><img decoding="async" loading="lazy" class="alignnone wp-image-5045" src="http://www.marzicake.cz/wp-content/uploads/2019/05/Karamel-300x244.jpg" alt="Karamel" width="311" height="253" srcset="https://www.marzicake.cz/wp-content/uploads/2019/05/Karamel-300x244.jpg 300w, https://www.marzicake.cz/wp-content/uploads/2019/05/Karamel-600x488.jpg 600w, https://www.marzicake.cz/wp-content/uploads/2019/05/Karamel-768x624.jpg 768w, https://www.marzicake.cz/wp-content/uploads/2019/05/Karamel-1024x832.jpg 1024w, https://www.marzicake.cz/wp-content/uploads/2019/05/Karamel-1080x878.jpg 1080w" sizes="(max-width: 311px) 100vw, 311px" /></a></p>

<p>Nenechte se zmýlit názvem této sladkosti. Sladko slaná až nahořklá chuť dostane snad opravdu každého. Já osobně jsem tuhle sladkou pochoutku poprvé zaznamenala ve spojení s jablky na známém koláči jménem Tarte Tatin a nebo jako jednu z náplní do velmi oblíbených makronek.  Najdete opravdu velké množství různých receptur. A proto tento recept nebude poslední,&#8230;</p>
<p><a class="more-link" href="https://www.marzicake.cz/?page_id=1416">Čti dál</a></p>
